34 and f.
17
Suppose -2*a = -5*a + 51. Suppose 2*q - a = 47. What is the greatest common divisor of 8 and q?
8
Suppose -2*l = -4*y + 64, 6*l - 12 = -2*y + 2*l. Calculate the greatest common divisor of 126 and y.
14
Let b be -1 - 1 - (-6 + 5). Let r = 12 - b. Calculate the highest common divisor of 52 and r.
13
Suppose -2*s + 6 - 13 = -5*r, -2*s = 2. Calculate the greatest common factor of r and 5.
1
Let r(z) = 2*z**2 + 12*z - 12. Let i = 13 - 22. Let x be r(i). Calculate the highest common factor of 63 and x.
21
Suppose 7 = 5*j - 3. Suppose 0*y - j*v - 14 = -y, -y = 5*v. Let w = y + -6. Calculate the greatest common factor of 36 and w.
4
Let c be 4 - (4 - (8 - -2)). Calculate the greatest common divisor of c and 20.
10
Let m(d) = d + 7. Let q be m(-5). Let p(i) = 2 - 4*i - 4*i**2 - 3*i**2 + i**q + 4 - i**3. Let z be p(-5). Calculate the highest common factor of z and 2.
1
Let b be 2*38/5 + (-11)/55. What is the greatest common divisor of 60 and b?
15
Let x = 4 - 2. Suppose 0 = x*b + 2*o + 4, 0 = -b - 5*o + 1 - 19. Suppose -2*y - b*y = -32. What is the greatest common divisor of 2 and y?
2
Suppose -17*a + 294 = -14*a. Let f = 7 + -11. Let s be (-6*1)/(f/a). What is the highest common divisor of s and 21?
21
Suppose -2*f + 15 = 7. Calculate the greatest common factor of f and 4.
4
Let p be (17 + -2)*(-4)/(-3). Suppose -2*x = p - 2. Let j be 150/x*(2 - 5). Calculate the highest common factor of 5 and j.
5
Suppose -2*m + 11 = 45. Let t be (m - 2) + 1 + -2. Let j = -9 - t. Calculate the highest common factor of 121 and j.
11
Suppose -3*l + 377 - 47 = 0. Suppose 21*u - 471 = -9. Calculate the greatest common divisor of l and u.
22
Suppose -822 + 279 = 3*d. Let x = -19 + d. Let p be x/(-6) + 3/(-9). What is the greatest common divisor of 3 and p?
3
Let r be (-2)/((-1)/1)*(-1 + 3). What is the highest common factor of r and 28?
4
Let s = 1 + 13. Calculate the highest common factor of 70 and s.
14
Let q be ((-33)/2)/((-12)/176*1). Let z(y) = -y**3 - 3*y**2 + 7*y + 7. Let g be z(-5). Calculate the greatest common factor of g and q.
22
Let u = 310 + -167. Suppose 14*m - 164 - 18 = 0. Calculate the greatest common divisor of m and u.
13
Let i be (2 - 0)/(3/54). Suppose 3*n - 3*l + 90 = 0, l - 32 = 2*n + 24. Let x = -14 - n. What is the greatest common factor of i and x?
12
Let d = 9 - 7. Suppose -3*u = 3*y - y - 21, d*y - 3*u = 15. Calculate the greatest common divisor of y and 9.
9
Let o(j) = 2*j**2 - 15*j + 5. Let x be o(7). Let h be (-120)/((-6)/(-8)*x). Calculate the highest common divisor of h and 10.
10
Let f(z) = -z**2 + 14*z + 2. Let w be f(8). Calculate the greatest common factor of w and 30.
10
Suppose 6*l = -278 - 100. Let x = l - -147. What is the highest common divisor of x and 12?
12
Let q = 5 + 58. Calculate the greatest common divisor of q and 7.
7
Suppose y - 62 = -3*q + 7*q, y - 67 = 5*q. Calculate the highest common divisor of 42 and y.
42
Let p be 10/(-25) - 186/(-15). What is the highest common divisor of 60 and p?
12
Let x = -91 + 97. What is the greatest common factor of x and 2?
2
Let z(d) = d**2 + 4*d - 2. Let v be z(-5). Suppose -2*r - v*r = -15. What is the highest common divisor of 3 and r?
3
Let q(t) = -4*t**3 + 2*t**2 + 7*t**2 - 7*t + 3*t**3 + 9. Let f be q(8). Calculate the highest common factor of f and 85.
17
Let f(i) = 0*i**2 + i**2 + 2*i - i + 2 - 4. Let r be f(-5). What is the highest common divisor of r and 12?
6
Suppose 2 = -3*j + 5. Let m = 0 - -3. Suppose -q + m = -0*q. What is the highest common factor of q and j?
1
Let j(l) = l + 5. Let i be j(-6). Let y = 4 - i. Suppose 8 = 4*z, 2*m - 30 = -3*m + y*z. Calculate the highest common factor of 20 and m.
4
Let z be 1010/6 - 2/6. Let a be (-6)/4*(7 + (-20 - 1)). What is the greatest common divisor of z and a?
21
Let c = -12 + 20. Suppose 3*x = x + c. Suppose 0 = -x*o - 2*y + 58, 2*y - 4*y + 10 = 0. Calculate the highest common factor of o and 6.
6
Let i be -1 + (-9)/2*2. Let p be 1076/5 + 2/i. Let d = -39 + p. What is the highest common factor of 16 and d?
16
Suppose -2*o - 4 = 2. Let x be o - (-83 + (-4 - -3)). Let j be ((-18)/(-4))/(2/4). Calculate the highest common factor of x and j.
9
Suppose 5*w = p - 18, 5*w - 4*w + 27 = 2*p. Let k = 8 + p. What is the greatest common divisor of k and 63?
21
Let t be 24*(8/24 - (-1)/6). Calculate the greatest common factor of 36 and t.
12
Let b be (-219)/(-6) + (-9)/6. Suppose u + 104 = 5*v + b, -64 = -4*v + 3*u. Suppose 0 = -5*o - v + 83. Calculate the greatest common factor of 7 and o.
7
Suppose 0*a = -8*a + 312. What is the greatest common factor of 39 and a?
39
Let a be 1/((-1)/1) + 4. Suppose -4*i - 8 = a*q, -2*i - 5 = -2*q - 15. Let v be (-180)/16*(-4)/i. What is the greatest common divisor of v and 15?
15
Suppose -2*u + 4*q + 104 = 0, 0*u + u + 4*q = 28. Calculate the greatest common divisor of 66 and u.
22
Let t(b) = b**2 - 2*b + 6. Let q be t(5). Calculate the highest common factor of 231 and q.
21
Let a = 6 - 0. Suppose -a*z + 84 = -2*z. What is the greatest common divisor of z and 14?
7
Suppose 4*c - 6*c - 3*f = -112, -f + 4 = 0. Let m = -71 + 76. What is the greatest common divisor of c and m?
5
Suppose -d - 1 = 5*l - 11, 4*l - d + 1 = 0. Let o = -40 - -12. Let m be l*o*4/(-4). Calculate the greatest common divisor of m and 7.
7
Let z be -1 + ((-4)/(-1))/(1/2). Let r(q) = q**3 - 2*q**2 + q - 2. Let y be r(2). Suppose b + y*b = 21. What is the greatest common divisor of b and z?
7
Let x = -1 - 2. Suppose 2*i - 8 = 4. Let c = x + i. What is the highest common divisor of 1 and c?
1
Let w = -85 + 133. Suppose 28 = 8*s - 68. Calculate the greatest common factor of s and w.
12
Suppose 0 = o + 5*h - 58, 393 - 147 = 5*o + 3*h. Let u(j) = j + 3. Let i be u(3). Calculate the highest common divisor of o and i.
6
Suppose -382 - 34 = -8*t. What is the highest common divisor of 4 and t?
4
Let j = -7 + 22. What is the highest common factor of j and 20?
5
Let x(s) = -s**3 + 18*s**2 + 3*s - 25. Let n be x(18). What is the greatest common divisor of 261 and n?
29
Suppose 10 = -p - 4*n, n - 14 = -3*p - 0*n. What is the highest common divisor of 8 and p?
2
Let b be 5/(-3)*9/(-3). Suppose -2*k = 2*m - 22, 2*k = 3*m - 3 - 10. Let u = 42 - m. Calculate the greatest common divisor of b and u.
5
Let h = -30 - -120. Calculate the highest common divisor of 18 and h.
18
Let i(z) = -z - 2. Let n be i(-5). Suppose -1 = -o - 0, n*o + 12 = 5*h. Suppose -4*c + h*c = -63. What is the greatest common factor of c and 7?
7
Suppose 2*q = q + 9. Let p be 2/(-8) + (-2890)/(-40). Suppose z = -0*z + p. Calculate the highest common divisor of q and z.
9
Let l(k) = -k**2 - 7*k + 23. Let g be l(-8). Suppose -2*d - 4 = 0, -6*d + 4 = -4*m - 2*d. Let a be m/(-1)*40/4. Calculate the highest common factor of a and g.
15
Let f(k) = k**2 + k - 4. Let x be f(5). Suppose 5*r - 247 = 78. Calculate the greatest common divisor of r and x.
13
Let c(m) = 3*m**2 + 0*m**2 + 11*m**2 - m - 2*m**2. Let u be c(-1). Suppose -1 + u = 2*v. What is the greatest common divisor of v and 66?
6
Let m = 16 + -8. Calculate the highest common divisor of m and 40.
8
Suppose 2*w + 2*s + 2*s = -18, s = 4*w + 72. Let x = w - -31. Suppose 50 - x = l. What is the highest common divisor of 4 and l?
4
Let q be (5 - 6)/(1/77). Suppose -3*i - 330 = -4*f, -f + 220 = -2*i - 3*f. Let u = q - i. What is the greatest common divisor of u and 3?
3
Suppose c + 4*c - 5 = 0. Calculate the greatest common factor of 1 and c.
1
Suppose 6*w - 69 = 5*w. What is the highest common divisor of w and 3?
3
Suppose 0*d + 12 = 3*d. Suppose -2*u - 2*u + f = -179, 5*u = d*f + 221. Let n = u - 29. Calculate the greatest common factor of 8 and n.
8
Let y be 1/2 - (-21)/14. Suppose -y*n = n. Suppose 0 = -n*w + 2*w - 44. Calculate the greatest common divisor of w and 55.
11
Let i be (1 + (-1 - 4))*1. Let g = -2 - i. Let z be (g - 0)*(-35)/(-10). Calculate the greatest common factor of z and 63.
7
Let c(z) = -z**2 + 11*z + 23. Let b be c(11). Calculate the greatest common factor of b and 253.
23
Suppose -2*s - g + 121 + 40 = 0, 0 = -2*s + g + 159. Calculate the greatest common factor of s and 16.
16
Let t = 29 - -35. What is the highest common factor of 8 and t?
8
Let c = -10 + 19. Suppose -c = -3*h + 3. Calculate the greate